be 1 - 2/4*22. Let o be 8/y*(-20)/8. Is 6 a factor of n(o)?
False
Let a = 34 + -24. Is 5 a factor of a?
True
Let g = 14 - 9. Suppose -4*b - r = -129, -g*b - 4*r = -0*r - 164. Is b a multiple of 12?
False
Let b(i) = -2*i**3 - 2*i**2 + 2*i + 2. Let n be b(-3). Let q be 12/(-18) + n/(-6). Let v(a) = a**3 + 6*a**2 - a + 6. Does 5 divide v(q)?
False
Let y(k) = 2*k + 7. Let u be y(-5). Is 20 a factor of 15/(63/(-24) - u)?
True
Let t = -6 + 36. Does 10 divide t?
True
Suppose -4*y + 0 = 8. Let s be y*(30/(-4))/5. Suppose s*i - 7*i - 46 = -n, -4*n + i + 124 = 0. Is 12 a factor of n?
False
Let v(t) = t**3 + t**2 + 1. Let b(c) = 5*c**3 + 8*c**2 + 7*c + 8. Let m(k) = -b(k) + 6*v(k). Is 19 a factor of m(5)?
True
Suppose 2*x - 5*x = -6. Let s(l) = -4*l**3 + 2*l**2 + l. Let u be s(-1). Does 4 divide u + 0 - 2/x?
True
Let z(n) = -2*n - 3. Let h be z(4). Let y = h - -7. Is (-117)/(-6) - 2/y a multiple of 7?
False
Suppose 154 = 6*n - 62. Is n a multiple of 6?
True
Suppose 4*t - 1 = 4*w - 9, 4*w - 8 = 5*t. Suppose v - 3 = -t*v. Does 18 divide 54/(-4)*(-4)/v?
True
Let n = 83 - 35. Is n a multiple of 6?
True
Let f(g) = -g**2 - 12*g - 12. Is f(-8) even?
True
Let p(u) = -1 - 32*u**3 + 0 + 1 - u. Is p(-1) a multiple of 11?
True
Let l = 8 - -1. Suppose l = r - 0*r. Does 6 divide r?
False
Is 14 a factor of 9/(-9) - -1*15*1?
True
Let r(u) = 8*u**3 - 5*u**2 + 5*u + 2. Is 47 a factor of r(3)?
True
Let a be (4 - 1) + 15/5. Suppose a*x - 3*x = 162. Is x a multiple of 18?
True
Let o = 6 + -5. Does 15 divide o/(1 - 96/99)?
False
Suppose -3*w - 2*c - 7 = -4*w, 4*w - 18 = 3*c. Suppose u = w*u. Let g = u + 8. Is 8 a factor of g?
True
Let d be (24/5)/((-1)/(-5)). Suppose d = -3*w - w. Let j(z) = -z**3 - 6*z**2 - 4*z. Is j(w) a multiple of 9?
False
Suppose 0*n - 3*n = 2*r - 69, 0 = -n + 4*r + 23. Is n a multiple of 5?
False
Let f = -3 + 4. Let n be 22/5*(9 + f). Suppose -y + 3*y = n. Is 11 a factor of y?
True
Suppose i + 18 = -5*x - 4, 0 = x - 3*i + 14. Let m = 80 + -50. Is 10 a factor of (x/(-2))/(5/m)?
False
Let k(j) = -j**3 + 3*j**2 + 2. Let z be k(3). Let a be (-36 + z)*-1 - -2. Suppose -4*t - 4*i + a = -6*i, -6 = -2*t - 2*i. Is t a multiple of 3?
False
Suppose 5*s - 5 = -5*m, 3*m - 5*m = 8. Suppose 3*f - 7*f + 154 = 3*n, -2*f - 198 = -4*n. Suppose 3*p + 3*k = s*p - n, -3*k - 6 = 0. Does 15 divide p?
False
Suppose 0 = -j + 2*j + 3. Let o = 12 + j. Does 2 divide o?
False
Suppose 2*b = -0*b - 12. Let q(g) = g**3 + 7*g**2 + 6*g + 5. Is q(b) a multiple of 2?
False
Suppose 141 = 2*p + 5*x - 49, 0 = p - 5*x - 65. Is 17 a factor of p?
True
Suppose z + z - 6 = -3*c, 5*z - 36 = 3*c. Let a be z/(-8) + 135/20. Suppose i - 4 - a = 0. Does 10 divide i?
True
Let n(m) be the second derivative of m**5/20 - m**4/4 - m**3/2 - 3*m**2/2 - 3*m. Let q be n(4). Is 11 a factor of q/4 - (-174)/8?
True
Let b = 110 - 75. Let j = b - -18. Is j a multiple of 20?
False
Let m be (-2)/(-4)*(36 - -2). Suppose -3*h + 3*p + 9 = 0, -5 + m = 4*h - 5*p. Suppose 0 = y - h - 3. Does 4 divide y?
True
Suppose 4*a - 8*a + 540 = 0. Let s = 196 - a. Is s a multiple of 17?
False
Suppose 0*t = -3*t - 24. Is 4/(-16) - 186/t a multiple of 9?
False
Suppose 0*t = -5*t - 35. Let u(m) = m**2 + 6*m + 1. Let k be u(t). Let p(y) = -y**3 + 7*y**2 + 9*y + 6. Does 12 divide p(k)?
False
Let d = -29 + 74. Is 15 a factor of d?
True
Let x(l) = l**2 + l + 2. Let d(p) = -p**2. Let r(y) = -5*d(y) - x(y). Is 7 a factor of r(2)?
False
Let f = -6 - -4. Let w(l) = -5*l - 2. Does 8 divide w(f)?
True
Suppose 100 = 13*b - 11*b. Is b a multiple of 10?
True
Suppose 2*f = 175 - 61. Is 19 a factor of f?
True
Is 6 a factor of ((-2 - -22)*3)/(3/2)?
False
Let d be 2 + 3*(-4)/(-6). Suppose 2*r + 17 = -0*z + 3*z, d*r = -3*z + 29. Does 6 divide z?
False
Suppose 0*n + n = 8. Let y = n - -20. Does 19 divide y?
False
Let k = 111 + -54. Is k a multiple of 7?
False
Suppose 5*h = -0*h + 10. Suppose h*a - a - 11 = 0. Let c = 19 - a. Is 4 a factor of c?
True
Suppose -5*w = 3*k - 3, 7*w - 2*w = 5*k - 5. Suppose -3*g + 63 - 18 = w. Is 15 a factor of g?
True
Let d = -10 + 12. Suppose -1 - 3 = 2*i, 0 = s + d*i - 10. Is s a multiple of 14?
True
Suppose 9*z = 6*z + 90. Is z a multiple of 6?
True
Let r(z) = 18*z**3 - 5*z**2 + 6*z - 2. Does 18 divide r(2)?
False
Suppose 5*o + 4*v - 2*v = 19, -8 = -4*v. Suppose 0 = -5*h + 5, -l = o*h - h - 86. Suppose 8*f = 4*f + l. Is f a multiple of 10?
False
Let v(k) = k**3 - k**2 - k + 2. Let h be v(0). Let z(w) = w**3 + 4*w**2 - 3*w. Is 13 a factor of z(h)?
False
Suppose 22 + 9 = -4*s + 3*y, 0 = 2*s - y + 13. Let c = -2 - s. Is 5 a factor of 4/6*30/c?
True
Suppose -4*j + 146 = -2*j. Let x be -2 - (-2)/1 - j. Is 9 a factor of x/(-4) - (-2)/(-8)?
True
Let s(l) = l + 3 - 3*l + 0*l. Let x = -16 - -12. Is s(x) a multiple of 11?
True
Let q(m) = m**3 + 7*m**2 + 4*m - 3. Is q(-5) a multiple of 27?
True
Let t = -7 - -21. Does 14 divide t?
True
Let v(w) = w**3 + 7*w**2 - w - 7. Let z be v(-7). Suppose z = 4*q - p - 106, 2*q = p + 17 + 37. Does 13 divide q?
True
Let f(q) = -q**2 + 13*q - 12. Let n = -4 - -16. Let m be f(n). Suppose m = -p + 28 + 11. Does 13 divide p?
True
Let q(r) = 8*r + 2. Is q(1) a multiple of 5?
True
Let v be (-2 - -46)*3/6. Is v/(-3)*(-3)/1 a multiple of 12?
False
Let a(n) be the first derivative of n**4/4 - n**3 + 2*n**2 - 4*n + 2. Does 16 divide a(4)?
False
Suppose 2*d = 43 - 17. Is 5 a factor of d?
False
Suppose 3*k = 13*k - 1200. Is k a multiple of 13?
False
Let p be 2 + (-2*2 - -2). Suppose 2*q + 3*k = 79, 3*q + 3*k - 128 + 5 = p. Suppose -4*s + 0*s + q = 0. Is s a multiple of 11?
True
Let y(o) = -5*o + 2. Let d be y(-1). Is 549/d - 15/35 a multiple of 26?
True
Let o(j) = 11*j - 7. Let f be o(5). Let y = f - 17. Is y a multiple of 16?
False
Let q be 4/10 + 35/(-25). Let c be ((-2)/(-4) + q)*0. Suppose -f + g + 4 + 11 = c, 0 = -f + 2*g + 18. Does 6 divide f?
True
Let p(o) = -o**3 - 5*o**2 - 6*o - 6. Let g be p(-5). Let w = 6 + g. Is 30 a factor of w?
True
Let b(k) = -k**2 + 5*k - 3. Let p = 3 + 1. Let g be b(p). Is 9 a factor of (4/10)/(g/45)?
True
Suppose -12*s + 6*s = -240. Is 4 a factor of s?
True
Is 9 a factor of (4 - 7)/(2/(-42)*1)?
True
Let c be (4/(-3))/((-2)/3). Is (-675)/18*c/(-3) a multiple of 9?
False
Suppose -w - 5 = 4*w. Let f(l) = -9*l - 1. Is f(w) a multiple of 3?
False
Let a = 7 + -6. Let i = 1 + a. Suppose 0*j = i*j - 16. Does 4 divide j?
True
Let t(j) = -5*j**3 - 1. Let o be t(-1). Suppose -2*w = -3*w + o. Suppose q - 4*b = 0, 2*q = 5*q - w*b - 32. Does 8 divide q?
True
Let j(d) = -d**2 + 7*d - 2. Let c(g) = -g**3 + 5. Let s be c(0). Is j(s) a multiple of 8?
True
Let f(l) = l**3 + 4*l**2 - 4*l - 5. Let g be f(-5). Is 16 a factor of (-632)/g - (-3)/(-15)?
False
Let l(f) = 8*f. Let p(h) = -h**3 + 3*h**2 + 4*h + 2. Let d be p(4). Let w = d - 0. Is 16 a factor of l(w)?
True
Let h(x) = 2*x**2 + 5*x + 8. Is 24 a factor of h(-8)?
True
Is ((-4)/(-10))/((-4)/(-340)) a multiple of 17?
True
Suppose -z + 2 = -0. Suppose d = z*d - 98. Let f = d + -65. Does 11 divide f?
True
Suppose 0 = -d - 4*l - 120, 0 = -0*d + 2*d - l + 258. Let o be d/(-10) - (-5)/25. Suppose -3 = -2*m + o. Does 8 divide m?
True
Suppose 3*x + 2*t + 1 = -3*t, -t = 5*x - 35. Is x a multiple of 4?
True
Suppose -8*k + 5*k + 270 = 0. Is 10 a factor of k?
True
Let k(z) = 0 - 2 + 7 + 2*z + 8*z. Is 24 a factor of k(6)?
False
Let g be (3/9)/((-2)/(-30)). Let q = g + -2. Let z = q - -3. Is z a multiple of 6?
True
Let p(u) = 4*u**2 - 9*u - 3. Let g be p(7). Let i(v) = 6*v**2 - v. Let k be i(1). Suppose 0*f - g = -k*f. Is 14 a factor of f?
False
Suppose 6*p = 3*p + 12. Is (-3 - (-16)/p)*5 a multiple of 5?
True
Suppose 3*a - 2*x - 34 = -x, -30 = -a + 5*x. Let n(b) = -40*b**2 + b. Let m be n(-1). Let p = a - m. Does 25 divide p?
False
Let v(o) = 7*o - 5. Let l be (7 - 3)*(3 - 2). Does 12 divide v(l)?
False
Suppose 5*c - 10 = 5, 33 = -3*x + 3*c. Let z = -5 - x. Does 2 divide z?
False
Suppose g - 174 = -g - 3*n, n = -2*g + 178. Suppose 2*k - g + 30 = o, 3*k - 100 = -o. Does 17 divide k?
False
Suppose 0 = p - 0 - 5. Suppose -w - 4*w = -p. Suppose 2 = -m - w, -51 = -5*n + 2*m. Is 6 a factor of n?
False
Suppose 10*z + 174 = 13*z - 3*j, -4*z + 272 = 4*j. Is z a multiple of 9?
True
Suppose -2*w + 4*r = 0, 3*w = -4*r + 3*r. Suppose 4*m - 2*m - 6 = w. Suppose 0 = m